{"id":1229,"date":"2021-09-17T11:35:21","date_gmt":"2021-09-17T14:35:21","guid":{"rendered":"http:\/\/sinicesp.org.br\/?page_id=1229"},"modified":"2022-07-06T08:39:43","modified_gmt":"2022-07-06T11:39:43","slug":"acordo-com-a-srte","status":"publish","type":"page","link":"https:\/\/sinicesp.org.br\/index.php\/acordo-com-a-srte\/","title":{"rendered":"Acordo com a SRTb"},"content":{"rendered":"\n<section class=\"wp-block-uagb-section uagb-section__wrap uagb-section__background-none uagb-block-5eb723a4\"><div class=\"uagb-section__overlay\"><\/div><div class=\"uagb-section__inner-wrap\">\n<div id=\"section-g3dee79\" class=\"wp-block-gutentor-e1 section-g3dee79 gutentor-element gutentor-element-advanced-text text-align-center-desktop\"><div class=\"gutentor-text-wrap\"><h2 class=\"gutentor-text\"><strong>Hist\u00f3rico<\/strong> &#8211; Acordo de Coopera\u00e7\u00e3o T\u00e9cnica<\/h2><\/div><\/div>\n\n\n\n<div class=\"wp-block-columns is-layout-flex wp-container-core-columns-is-layout-28f84493 wp-block-columns-is-layout-flex\">\n<div class=\"wp-block-column is-layout-flow wp-block-column-is-layout-flow\" style=\"flex-basis:100%\">\n<p style=\"font-size:14px\">Considerando as dificuldades enfrentadas pelas empresas do setor em promover a coloca\u00e7\u00e3o profissional de pessoas com defici\u00eancia, o Sindicato da Ind\u00fastria da Constru\u00e7\u00e3o Pesada do Estado de S\u00e3o Paulo \u2013 SINICESP, desde 2008 trabalha na busca de solu\u00e7\u00f5es para as empresas associadas, com destaque para a solu\u00e7\u00e3o das dificuldades enfrentadas para o cumprimento do artigo 93 da Lei n\u00ba 8.213\/91 (Lei de Cotas). <br><br>Por interm\u00e9dio de um pacto firmado neste mesmo ano, foi outorgado \u00e0s empresas signat\u00e1rias a possibilidade de cumprir a cota prevista em lei no prazo de dois anos, mediante algumas contrapartidas, como por exemplo, a realiza\u00e7\u00e3o de campanhas de combate \u00e0 discrimina\u00e7\u00e3o, forma\u00e7\u00e3o de m\u00e3o-de-obra e o desenvolvimento de um estudo que avaliasse qualidade da inclus\u00e3o na ind\u00fastria da constru\u00e7\u00e3o. <br><br>Dois anos ap\u00f3s o in\u00edcio dos entendimentos, o pacto foi finalizado, apresentando como grande resultado o aumento da contrata\u00e7\u00e3o de pessoas com defici\u00eancia. Esse resultado foi fruto de um processo de discuss\u00e3o e conscientiza\u00e7\u00e3o nas empresas, com mudan\u00e7as significativas nas pol\u00edticas de inclus\u00e3o das empresas associadas ao SINICESP. Outro resultado da iniciativa foi a edi\u00e7\u00e3o e publica\u00e7\u00e3o do livro &#8220;Construindo a Inclus\u00e3o da Pessoa com Defici\u00eancia no Trabalho&#8221;. <br><br>Em junho de 2011, foi celebrado outro Acordo Tripartite para Inclus\u00e3o da Pessoa com Defici\u00eancia que teve vig\u00eancia at\u00e9 2016. <br><br>No dia 16 de maio de 2016, o SINICESP firmou com a Superintend\u00eancia Regional do Trabalho e Emprego em S\u00e3o Paulo, Termo de Compromisso com novas contrapartidas, como, por exemplo, a aplica\u00e7\u00e3o das recomenda\u00e7\u00f5es extra\u00eddas do diagn\u00f3stico realizado pelo Instituto de Estudo e Pesquisa Amankay. <br><br>Apesar dos avan\u00e7os, as empresas ainda encontram dificuldades para cumprir a cota prevista em lei; dessa forma, no dia 23 de fevereiro de 2021, o SINICESP firmou com a Superintend\u00eancia Regional do Trabalho e Emprego em S\u00e3o Paulo, Acordo de Coopera\u00e7\u00e3o T\u00e9cnica com novos desafios, como, por exemplo, a aplica\u00e7\u00e3o da metodologia de cadastramento de pessoas com defici\u00eancia.<\/p>\n<\/div>\n<\/div>\n\n\n\n<p class=\"has-text-align-center\"><a rel=\"noreferrer noopener\" href=\"https:\/\/sinicesp.org.br\/inclusao\/downloads\/pacto.pdf\" target=\"_blank\"><strong>Pacto 2008<\/strong><\/a> <br><br><strong><a rel=\"noreferrer noopener\" href=\"https:\/\/sinicesp.org.br\/inclusao\/downloads\/acordo.pdf\" target=\"_blank\">Acordo 2011<\/a> <br><br><a rel=\"noreferrer noopener\" href=\"https:\/\/sinicesp.org.br\/inclusao\/downloads\/aditamento_12_meses.pdf\" target=\"_blank\">Aditamento 2013<\/a> <br><br><a rel=\"noreferrer noopener\" href=\"https:\/\/sinicesp.org.br\/inclusao\/downloads\/aditamento_2015.pdf\" target=\"_blank\">Aditamento 2015<\/a> <br><br><a rel=\"noreferrer noopener\" href=\"https:\/\/sinicesp.org.br\/inclusao\/downloads\/aditamento_2015-2016.pdf\" target=\"_blank\">Aditamento 2015\/2016<\/a> <br><br><a rel=\"noreferrer noopener\" href=\"https:\/\/sinicesp.org.br\/inclusao\/downloads\/aditamento09032016.pdf\" target=\"_blank\">Aditamento 2016<\/a> <br><br><a rel=\"noreferrer noopener\" href=\"https:\/\/sinicesp.org.br\/inclusao\/downloads\/termo-2016.pdf\" target=\"_blank\">Termo de Compromisso 2016<\/a> <br><br><a rel=\"noreferrer noopener\" href=\"https:\/\/sinicesp.org.br\/inclusao\/downloads\/acordo-cooperacao-tecnica-2020.pdf\" target=\"_blank\">Acordo de Coopera\u00e7\u00e3o T\u00e9cnica 2021<\/a><\/strong><\/p>\n\n\n\n<div style=\"height:30px\" aria-hidden=\"true\" class=\"wp-block-spacer\"><\/div>\n<\/div><\/section>\n\n\n\n<div style=\"height:30px\" aria-hidden=\"true\" class=\"wp-block-spacer\"><\/div>\n","protected":false},"excerpt":{"rendered":"","protected":false},"author":1,"featured_media":0,"parent":0,"menu_order":0,"comment_status":"closed","ping_status":"closed","template":"","meta":{"om_disable_all_campaigns":false,"_uag_custom_page_level_css":"","_monsterinsights_skip_tracking":false,"_monsterinsights_sitenote_active":false,"_monsterinsights_sitenote_note":"","_monsterinsights_sitenote_category":0,"site-sidebar-layout":"default","site-content-layout":"plain-container","ast-site-content-layout":"default","site-content-style":"default","site-sidebar-style":"default","ast-global-header-display":"","ast-banner-title-visibility":"","ast-main-header-display":"","ast-hfb-above-header-display":"","ast-hfb-below-header-display":"","ast-hfb-mobile-header-display":"","site-post-title":"disabled","ast-breadcrumbs-content":"","ast-featured-img":"","footer-sml-layout":"","ast-disable-related-posts":"","theme-transparent-header-meta":"default","adv-header-id-meta":"","stick-header-meta":"","header-above-stick-meta":"","header-main-stick-meta":"","header-below-stick-meta":"","astra-migrate-meta-layouts":"default","ast-page-background-enabled":"default","ast-page-background-meta":{"desktop":{"background-color":"","background-image":"","background-repeat":"repeat","background-position":"center center","background-size":"auto","background-attachment":"scroll","background-type":"","background-media":"","overlay-type":"","overlay-color":"","overlay-opacity":"","overlay-gradient":""},"tablet":{"background-color":"","background-image":"","background-repeat":"repeat","background-position":"center center","background-size":"auto","background-attachment":"scroll","background-type":"","background-media":"","overlay-type":"","overlay-color":"","overlay-opacity":"","overlay-gradient":""},"mobile":{"background-color":"","background-image":"","background-repeat":"repeat","background-position":"center center","background-size":"auto","background-attachment":"scroll","background-type":"","background-media":"","overlay-type":"","overlay-color":"","overlay-opacity":"","overlay-gradient":""}},"ast-content-background-meta":{"desktop":{"background-color":"var(--ast-global-color-5)","background-image":"","background-repeat":"repeat","background-position":"center center","background-size":"auto","background-attachment":"scroll","background-type":"","background-media":"","overlay-type":"","overlay-color":"","overlay-opacity":"","overlay-gradient":""},"tablet":{"background-color":"var(--ast-global-color-5)","background-image":"","background-repeat":"repeat","background-position":"center center","background-size":"auto","background-attachment":"scroll","background-type":"","background-media":"","overlay-type":"","overlay-color":"","overlay-opacity":"","overlay-gradient":""},"mobile":{"background-color":"var(--ast-global-color-5)","background-image":"","background-repeat":"repeat","background-position":"center center","background-size":"auto","background-attachment":"scroll","background-type":"","background-media":"","overlay-type":"","overlay-color":"","overlay-opacity":"","overlay-gradient":""}},"footnotes":""},"class_list":["post-1229","page","type-page","status-publish","hentry"],"aioseo_notices":[],"uagb_featured_image_src":{"full":false,"thumbnail":false,"medium":false,"medium_large":false,"large":false,"1536x1536":false,"2048x2048":false},"uagb_author_info":{"display_name":"Rodrigo","author_link":"https:\/\/sinicesp.org.br\/index.php\/author\/sinicesp\/"},"uagb_comment_info":0,"uagb_excerpt":null,"_links":{"self":[{"href":"https:\/\/sinicesp.org.br\/index.php\/wp-json\/wp\/v2\/pages\/1229","targetHints":{"allow":["GET"]}}],"collection":[{"href":"https:\/\/sinicesp.org.br\/index.php\/wp-json\/wp\/v2\/pages"}],"about":[{"href":"https:\/\/sinicesp.org.br\/index.php\/wp-json\/wp\/v2\/types\/page"}],"author":[{"embeddable":true,"href":"https:\/\/sinicesp.org.br\/index.php\/wp-json\/wp\/v2\/users\/1"}],"replies":[{"embeddable":true,"href":"https:\/\/sinicesp.org.br\/index.php\/wp-json\/wp\/v2\/comments?post=1229"}],"version-history":[{"count":0,"href":"https:\/\/sinicesp.org.br\/index.php\/wp-json\/wp\/v2\/pages\/1229\/revisions"}],"wp:attachment":[{"href":"https:\/\/sinicesp.org.br\/index.php\/wp-json\/wp\/v2\/media?parent=1229"}],"curies":[{"name":"wp","href":"https:\/\/api.w.org\/{rel}","templated":true}]}}