{"id":1233,"date":"2021-09-17T11:40:19","date_gmt":"2021-09-17T14:40:19","guid":{"rendered":"http:\/\/sinicesp.org.br\/?page_id=1233"},"modified":"2022-07-25T11:31:34","modified_gmt":"2022-07-25T14:31:34","slug":"legislacao-inclusao","status":"publish","type":"page","link":"https:\/\/sinicesp.org.br\/index.php\/legislacao-inclusao\/","title":{"rendered":"Legisla\u00e7\u00e3o-inclusao"},"content":{"rendered":"\n<section class=\"wp-block-uagb-section uagb-section__wrap uagb-section__background-none uagb-block-848b10af\"><div class=\"uagb-section__overlay\"><\/div><div class=\"uagb-section__inner-wrap\">\n<div id=\"section-g78f268\" class=\"wp-block-gutentor-e1 section-g78f268 gutentor-element gutentor-element-advanced-text text-align-center-desktop\"><div class=\"gutentor-text-wrap\"><h2 class=\"gutentor-text\"><strong>Legisla\u00e7\u00e3o<\/strong><\/h2><\/div><\/div>\n\n\n\n<div class=\"wp-block-columns is-layout-flex wp-container-core-columns-is-layout-28f84493 wp-block-columns-is-layout-flex\">\n<div class=\"wp-block-column is-layout-flow wp-block-column-is-layout-flow\" style=\"flex-basis:100%\">\n<p style=\"font-size:14px\"><br><strong><a href=\"http:\/\/www.planalto.gov.br\/ccivil_03\/leis\/L8213cons.htm\" target=\"_blank\" rel=\"noreferrer noopener\">Lei n\u00ba 8.213, de 24 de julho de 1991 (Lei de Cotas)<\/a><\/strong><br>Disp\u00f5e sobre os Planos de Benef\u00edcios da Previd\u00eancia Social e d\u00e1 outras provid\u00eancias. <br><br><strong><a href=\"http:\/\/www.planalto.gov.br\/ccivil_03\/decreto\/d3298.htm\" target=\"_blank\" rel=\"noreferrer noopener\">Decreto n\u00ba 3.298, DE 20 DE DEZEMBRO DE 1999<\/a><\/strong><br>Regulamenta a Lei no 7.853, de 24 de outubro de 1989, disp\u00f5e sobre a Pol\u00edtica Nacional para a Integra\u00e7\u00e3o da Pessoa Portadora de Defici\u00eancia, consolida as normas de prote\u00e7\u00e3o, e d\u00e1 outras provid\u00eancias. <br><br><strong><a href=\"http:\/\/www.planalto.gov.br\/ccivil_03\/Leis\/L10048.htm\" target=\"_blank\" rel=\"noreferrer noopener\">Lei n\u00ba 10.048, de 8 de novembro de 2000<\/a><\/strong><br>D\u00e1 prioridade de atendimento \u00e0s pessoas que especifica, e d\u00e1 outras provid\u00eancias. <br><br><strong><a href=\"http:\/\/www.planalto.gov.br\/ccivil_03\/Leis\/L10098.htm\" target=\"_blank\" rel=\"noreferrer noopener\">Lei n\u00ba 10.098, de 19 de dezembro de 2000<\/a><\/strong><br>Estabelece normas gerais e crit\u00e9rios b\u00e1sicos para a promo\u00e7\u00e3o da acessibilidade das pessoas portadoras de defici\u00eancia ou com mobilidade reduzida, e d\u00e1 outras provid\u00eancias. <br><br><strong><a href=\"http:\/\/www.planalto.gov.br\/ccivil_03\/_ato2004-2006\/2004\/decreto\/d5296.htm\" target=\"_blank\" rel=\"noreferrer noopener\">Decreto n\u00ba 5.296, de 2 de dezembro de 2004 (Acessibilidade)<\/a><\/strong><br>Regulamenta as Leis nos 10.048, de 8 de novembro de 2000, que d\u00e1 prioridade de atendimento \u00e0s pessoas que especifica, e 10.098, de 19 de dezembro de 2000, que estabelece normas gerais e crit\u00e9rios b\u00e1sicos para a promo\u00e7\u00e3o da acessibilidade das pessoas portadoras de defici\u00eancia ou com mobilidade reduzida, e d\u00e1 outras provid\u00eancias. <br><br><strong><a href=\"http:\/\/www.planalto.gov.br\/ccivil_03\/constituicao\/Congresso\/DLG\/DLG-186-2008.htm\" target=\"_blank\" rel=\"noreferrer noopener\">Decreto Legislativo n\u00ba 186, de 2008<\/a><\/strong><br>Aprova o texto da Conven\u00e7\u00e3o sobre os Direitos das Pessoas com Defici\u00eancia e de seu Protocolo Facultativo, assinados em Nova Iorque, em 30 de mar\u00e7o de 2007. <br><br><strong><a href=\"http:\/\/www.planalto.gov.br\/ccivil_03\/_ato2007-2010\/2009\/decreto\/d6949.htm\" target=\"_blank\" rel=\"noreferrer noopener\">Decreto n\u00ba 6.949, de 25 de agosto de 2009<\/a><\/strong><br>Promulga a Conven\u00e7\u00e3o Internacional sobre os Direitos das Pessoas com Defici\u00eancia e seu Protocolo Facultativo, assinados em Nova York, em 30 de mar\u00e7o de 2007. <br><br><strong><a href=\"http:\/\/pesquisa.in.gov.br\/imprensa\/jsp\/visualiza\/index.jsp?data=16\/08\/2012&amp;jornal=1&amp;pagina=116&amp;totalArquivos=152\" target=\"_blank\" rel=\"noreferrer noopener\">Instru\u00e7\u00e3o Normativa n\u00ba 98, de 15 de agosto de 2012<\/a><\/strong><br>Disp\u00f5e sobre procedimentos de fiscaliza\u00e7\u00e3o do cumprimento, por parte dos empregadores, das normas destinadas \u00e0 inclus\u00e3o no trabalho das pessoas com defici\u00eancia e benefici\u00e1rios da Previd\u00eancia Social reabilitados. <br><br><strong><a href=\"http:\/\/www.planalto.gov.br\/ccivil_03\/LEIS\/LCP\/Lcp142.htm\" target=\"_blank\" rel=\"noreferrer noopener\">Lei Complementar n\u00ba 142, de 8 de maio de 2013<\/a><\/strong><br>Regulamenta o \u00a7 1o do art. 201 da Constitui\u00e7\u00e3o Federal, no tocante \u00e0 aposentadoria da pessoa com defici\u00eancia segurada do Regime Geral de Previd\u00eancia Social &#8211; RGPS. <br><br><strong><a href=\"http:\/\/www.planalto.gov.br\/ccivil_03\/_Ato2015-2018\/2015\/Lei\/L13146.htm\" target=\"_blank\" rel=\"noreferrer noopener\">Lei n\u00ba 13.146, de 6 de julho de 2015<\/a><\/strong><br>Institui a Lei Brasileira de Inclus\u00e3o da Pessoa com Defici\u00eancia (Estatuto da Pessoa com Defici\u00eancia). <br><br><strong><a href=\"http:\/\/www.planalto.gov.br\/CCIVIL_03\/_Ato2015-2018\/2016\/Dsn\/Dsn14375.htm\" target=\"_blank\" rel=\"noreferrer noopener\">Decreto de 27 de abril de 2016<\/a><\/strong><br>Institui o Comit\u00ea do Cadastro Nacional de Inclus\u00e3o da Pessoa com Defici\u00eancia e da Avalia\u00e7\u00e3o Unificada da Defici\u00eancia, no \u00e2mbito do Minist\u00e9rio das Mulheres, da Igualdade Racial, da Juventude e dos Direitos Humanos. <br><br><strong><a href=\"http:\/\/www.planalto.gov.br\/ccivil_03\/_Ato2015-2018\/2016\/Mpv\/mpv728.htm\" target=\"_blank\" rel=\"noreferrer noopener\">Medida Provis\u00f3ria n\u00ba 728, de 23 de maio de 2016<\/a><\/strong><br>Revoga dispositivos da Medida Provis\u00f3ria no 726, de 12 de maio de 2016, restabelece dispositivos da Lei no 10.683, de 28 de maio de 2003, e cria as Secretarias Especiais dos Direitos da Pessoa com Defici\u00eancia e do Patrim\u00f4nio Hist\u00f3rico e Art\u00edstico Nacional. <br><br><strong><a href=\"http:\/\/portal.mec.gov.br\/index.php?option=com_docman&amp;view=download&amp;alias=55541-29122016-lei-13409-16-pdf&amp;category_slug=dezembro-2016-pdf&amp;Itemid=30192\" target=\"_blank\" rel=\"noreferrer noopener\">Lei n\u00ba 13.409, de 28 de dezembro de 2016<\/a><\/strong><br>Altera a Lei no 12.711, de 29 de agosto de 2012, para dispor sobre a reserva de vagas para pessoas com defici\u00eancia nos cursos t\u00e9cnico de n\u00edvel m\u00e9dio e superior das institui\u00e7\u00f5es federais de ensino. <br><br><a href=\"https:\/\/sinicesp.org.br\/inclusao\/publica%C3%A7%C3%B5es\/instrucao-normativa-01-2019.php\" target=\"_blank\" rel=\"noreferrer noopener\"><strong>INSTRU\u00c7\u00c3O NORMATIVA N\u00ba 1\/2019<\/strong><br><\/a>Disciplina a utiliza\u00e7\u00e3o de recursos de acessibilidade para pessoas com defici\u00eancia auditiva e visual na publicidade e nos pronunciamentos oficiais dos \u00f3rg\u00e3os e das entidades do Poder Executivo Federal.<br><br><strong><a href=\"http:\/\/www.planalto.gov.br\/ccivil_03\/_ato2019-2022\/2020\/lei\/L14020.htm\" target=\"_blank\" rel=\"noreferrer noopener\">Lei n\u00ba 14.020, de 6 de julho de 2020<\/a><\/strong><br>Institui o Programa Emergencial de Manuten\u00e7\u00e3o do Emprego e da Renda; disp\u00f5e sobre medidas complementares para enfrentamento do estado de calamidade p\u00fablica reconhecido pelo Decreto Legislativo n\u00ba 6, de 20 de mar\u00e7o de 2020, e da emerg\u00eancia de sa\u00fade p\u00fablica de import\u00e2ncia internacional decorrente do coronav\u00edrus, de que trata a Lei n\u00ba 13.979, de 6 de fevereiro de 2020; altera as Leis nos 8.213, de 24 de julho de 1991, 10.101, de 19 de dezembro de 2000, 12.546, de 14 de dezembro de 2011, 10.865, de 30 de abril de 2004, e 8.177, de 1\u00ba de mar\u00e7o de 1991; e d\u00e1 outras provid\u00eancias.<\/p>\n<\/div>\n<\/div>\n\n\n\n<div style=\"height:30px\" aria-hidden=\"true\" class=\"wp-block-spacer\"><\/div>\n<\/div><\/section>\n\n\n\n<div style=\"height:30px\" aria-hidden=\"true\" class=\"wp-block-spacer\"><\/div>\n","protected":false},"excerpt":{"rendered":"","protected":false},"author":1,"featured_media":0,"parent":0,"menu_order":0,"comment_status":"closed","ping_status":"closed","template":"","meta":{"om_disable_all_campaigns":false,"_uag_custom_page_level_css":"","_monsterinsights_skip_tracking":false,"_monsterinsights_sitenote_active":false,"_monsterinsights_sitenote_note":"","_monsterinsights_sitenote_category":0,"site-sidebar-layout":"default","site-content-layout":"plain-container","ast-site-content-layout":"default","site-content-style":"default","site-sidebar-style":"default","ast-global-header-display":"","ast-banner-title-visibility":"","ast-main-header-display":"","ast-hfb-above-header-display":"","ast-hfb-below-header-display":"","ast-hfb-mobile-header-display":"","site-post-title":"disabled","ast-breadcrumbs-content":"","ast-featured-img":"","footer-sml-layout":"","ast-disable-related-posts":"","theme-transparent-header-meta":"default","adv-header-id-meta":"","stick-header-meta":"","header-above-stick-meta":"","header-main-stick-meta":"","header-below-stick-meta":"","astra-migrate-meta-layouts":"default","ast-page-background-enabled":"default","ast-page-background-meta":{"desktop":{"background-color":"","background-image":"","background-repeat":"repeat","background-position":"center center","background-size":"auto","background-attachment":"scroll","background-type":"","background-media":"","overlay-type":"","overlay-color":"","overlay-opacity":"","overlay-gradient":""},"tablet":{"background-color":"","background-image":"","background-repeat":"repeat","background-position":"center center","background-size":"auto","background-attachment":"scroll","background-type":"","background-media":"","overlay-type":"","overlay-color":"","overlay-opacity":"","overlay-gradient":""},"mobile":{"background-color":"","background-image":"","background-repeat":"repeat","background-position":"center center","background-size":"auto","background-attachment":"scroll","background-type":"","background-media":"","overlay-type":"","overlay-color":"","overlay-opacity":"","overlay-gradient":""}},"ast-content-background-meta":{"desktop":{"background-color":"var(--ast-global-color-5)","background-image":"","background-repeat":"repeat","background-position":"center center","background-size":"auto","background-attachment":"scroll","background-type":"","background-media":"","overlay-type":"","overlay-color":"","overlay-opacity":"","overlay-gradient":""},"tablet":{"background-color":"var(--ast-global-color-5)","background-image":"","background-repeat":"repeat","background-position":"center center","background-size":"auto","background-attachment":"scroll","background-type":"","background-media":"","overlay-type":"","overlay-color":"","overlay-opacity":"","overlay-gradient":""},"mobile":{"background-color":"var(--ast-global-color-5)","background-image":"","background-repeat":"repeat","background-position":"center center","background-size":"auto","background-attachment":"scroll","background-type":"","background-media":"","overlay-type":"","overlay-color":"","overlay-opacity":"","overlay-gradient":""}},"footnotes":""},"class_list":["post-1233","page","type-page","status-publish","hentry"],"aioseo_notices":[],"uagb_featured_image_src":{"full":false,"thumbnail":false,"medium":false,"medium_large":false,"large":false,"1536x1536":false,"2048x2048":false},"uagb_author_info":{"display_name":"Rodrigo","author_link":"https:\/\/sinicesp.org.br\/index.php\/author\/sinicesp\/"},"uagb_comment_info":0,"uagb_excerpt":null,"_links":{"self":[{"href":"https:\/\/sinicesp.org.br\/index.php\/wp-json\/wp\/v2\/pages\/1233","targetHints":{"allow":["GET"]}}],"collection":[{"href":"https:\/\/sinicesp.org.br\/index.php\/wp-json\/wp\/v2\/pages"}],"about":[{"href":"https:\/\/sinicesp.org.br\/index.php\/wp-json\/wp\/v2\/types\/page"}],"author":[{"embeddable":true,"href":"https:\/\/sinicesp.org.br\/index.php\/wp-json\/wp\/v2\/users\/1"}],"replies":[{"embeddable":true,"href":"https:\/\/sinicesp.org.br\/index.php\/wp-json\/wp\/v2\/comments?post=1233"}],"version-history":[{"count":0,"href":"https:\/\/sinicesp.org.br\/index.php\/wp-json\/wp\/v2\/pages\/1233\/revisions"}],"wp:attachment":[{"href":"https:\/\/sinicesp.org.br\/index.php\/wp-json\/wp\/v2\/media?parent=1233"}],"curies":[{"name":"wp","href":"https:\/\/api.w.org\/{rel}","templated":true}]}}

Legislação-inclusao

<section class="wp-block-uagb-section uagb-section__wrap uagb-section__background-none uagb-block-848b10af"><div class="uagb-section__overlay"></div><div class="uagb-section__inner-wrap">
<div id="section-g78f268" class="wp-block-gutentor-e1 section-g78f268 gutentor-element gutentor-element-advanced-text text-align-center-desktop"><div class="gutentor-text-wrap"><h2 class="gutentor-text"><strong>Legislação</strong></h2></div></div>



<div class="wp-block-columns is-layout-flex wp-container-core-columns-is-layout-28f84493 wp-block-columns-is-layout-flex">
<div class="wp-block-column is-layout-flow wp-block-column-is-layout-flow" style="flex-basis:100%">
<p style="font-size:14px"><br><strong><a href="http://www.planalto.gov.br/ccivil_03/leis/L8213cons.htm" target="_blank" rel="noreferrer noopener">Lei nº 8.213, de 24 de julho de 1991 (Lei de Cotas)</a></strong><br>Dispõe sobre os Planos de Benefícios da Previdência Social e dá outras providências. <br><br><strong><a href="http://www.planalto.gov.br/ccivil_03/decreto/d3298.htm" target="_blank" rel="noreferrer noopener">Decreto nº 3.298, DE 20 DE DEZEMBRO DE 1999</a></strong><br>Regulamenta a Lei no 7.853, de 24 de outubro de 1989, dispõe sobre a Política Nacional para a Integração da Pessoa Portadora de Deficiência, consolida as normas de proteção, e dá outras providências. <br><br><strong><a href="http://www.planalto.gov.br/ccivil_03/Leis/L10048.htm" target="_blank" rel="noreferrer noopener">Lei nº 10.048, de 8 de novembro de 2000</a></strong><br>Dá prioridade de atendimento às pessoas que especifica, e dá outras providências. <br><br><strong><a href="http://www.planalto.gov.br/ccivil_03/Leis/L10098.htm" target="_blank" rel="noreferrer noopener">Lei nº 10.098, de 19 de dezembro de 2000</a></strong><br>Estabelece normas gerais e critérios básicos para a promoção da acessibilidade das pessoas portadoras de deficiência ou com mobilidade reduzida, e dá outras providências. <br><br><strong><a href="http://www.planalto.gov.br/ccivil_03/_ato2004-2006/2004/decreto/d5296.htm" target="_blank" rel="noreferrer noopener">Decreto nº 5.296, de 2 de dezembro de 2004 (Acessibilidade)</a></strong><br>Regulamenta as Leis nos 10.048, de 8 de novembro de 2000, que dá prioridade de atendimento às pessoas que especifica, e 10.098, de 19 de dezembro de 2000, que estabelece normas gerais e critérios básicos para a promoção da acessibilidade das pessoas portadoras de deficiência ou com mobilidade reduzida, e dá outras providências. <br><br><strong><a href="http://www.planalto.gov.br/ccivil_03/constituicao/Congresso/DLG/DLG-186-2008.htm" target="_blank" rel="noreferrer noopener">Decreto Legislativo nº 186, de 2008</a></strong><br>Aprova o texto da Convenção sobre os Direitos das Pessoas com Deficiência e de seu Protocolo Facultativo, assinados em Nova Iorque, em 30 de março de 2007. <br><br><strong><a href="http://www.planalto.gov.br/ccivil_03/_ato2007-2010/2009/decreto/d6949.htm" target="_blank" rel="noreferrer noopener">Decreto nº 6.949, de 25 de agosto de 2009</a></strong><br>Promulga a Convenção Internacional sobre os Direitos das Pessoas com Deficiência e seu Protocolo Facultativo, assinados em Nova York, em 30 de março de 2007. <br><br><strong><a href="http://pesquisa.in.gov.br/imprensa/jsp/visualiza/index.jsp?data=16/08/2012&amp;jornal=1&amp;pagina=116&amp;totalArquivos=152" target="_blank" rel="noreferrer noopener">Instrução Normativa nº 98, de 15 de agosto de 2012</a></strong><br>Dispõe sobre procedimentos de fiscalização do cumprimento, por parte dos empregadores, das normas destinadas à inclusão no trabalho das pessoas com deficiência e beneficiários da Previdência Social reabilitados. <br><br><strong><a href="http://www.planalto.gov.br/ccivil_03/LEIS/LCP/Lcp142.htm" target="_blank" rel="noreferrer noopener">Lei Complementar nº 142, de 8 de maio de 2013</a></strong><br>Regulamenta o § 1o do art. 201 da Constituição Federal, no tocante à aposentadoria da pessoa com deficiência segurada do Regime Geral de Previdência Social &#8211; RGPS. <br><br><strong><a href="http://www.planalto.gov.br/ccivil_03/_Ato2015-2018/2015/Lei/L13146.htm" target="_blank" rel="noreferrer noopener">Lei nº 13.146, de 6 de julho de 2015</a></strong><br>Institui a Lei Brasileira de Inclusão da Pessoa com Deficiência (Estatuto da Pessoa com Deficiência). <br><br><strong><a href="http://www.planalto.gov.br/CCIVIL_03/_Ato2015-2018/2016/Dsn/Dsn14375.htm" target="_blank" rel="noreferrer noopener">Decreto de 27 de abril de 2016</a></strong><br>Institui o Comitê do Cadastro Nacional de Inclusão da Pessoa com Deficiência e da Avaliação Unificada da Deficiência, no âmbito do Ministério das Mulheres, da Igualdade Racial, da Juventude e dos Direitos Humanos. <br><br><strong><a href="http://www.planalto.gov.br/ccivil_03/_Ato2015-2018/2016/Mpv/mpv728.htm" target="_blank" rel="noreferrer noopener">Medida Provisória nº 728, de 23 de maio de 2016</a></strong><br>Revoga dispositivos da Medida Provisória no 726, de 12 de maio de 2016, restabelece dispositivos da Lei no 10.683, de 28 de maio de 2003, e cria as Secretarias Especiais dos Direitos da Pessoa com Deficiência e do Patrimônio Histórico e Artístico Nacional. <br><br><strong><a href="http://portal.mec.gov.br/index.php?option=com_docman&amp;view=download&amp;alias=55541-29122016-lei-13409-16-pdf&amp;category_slug=dezembro-2016-pdf&amp;Itemid=30192" target="_blank" rel="noreferrer noopener">Lei nº 13.409, de 28 de dezembro de 2016</a></strong><br>Altera a Lei no 12.711, de 29 de agosto de 2012, para dispor sobre a reserva de vagas para pessoas com deficiência nos cursos técnico de nível médio e superior das instituições federais de ensino. <br><br><a href="https://sinicesp.org.br/inclusao/publica%C3%A7%C3%B5es/instrucao-normativa-01-2019.php" target="_blank" rel="noreferrer noopener"><strong>INSTRUÇÃO NORMATIVA Nº 1/2019</strong><br></a>Disciplina a utilização de recursos de acessibilidade para pessoas com deficiência auditiva e visual na publicidade e nos pronunciamentos oficiais dos órgãos e das entidades do Poder Executivo Federal.<br><br><strong><a href="http://www.planalto.gov.br/ccivil_03/_ato2019-2022/2020/lei/L14020.htm" target="_blank" rel="noreferrer noopener">Lei nº 14.020, de 6 de julho de 2020</a></strong><br>Institui o Programa Emergencial de Manutenção do Emprego e da Renda; dispõe sobre medidas complementares para enfrentamento do estado de calamidade pública reconhecido pelo Decreto Legislativo nº 6, de 20 de março de 2020, e da emergência de saúde pública de importância internacional decorrente do coronavírus, de que trata a Lei nº 13.979, de 6 de fevereiro de 2020; altera as Leis nos 8.213, de 24 de julho de 1991, 10.101, de 19 de dezembro de 2000, 12.546, de 14 de dezembro de 2011, 10.865, de 30 de abril de 2004, e 8.177, de 1º de março de 1991; e dá outras providências.</p>
</div>
</div>



<div style="height:30px" aria-hidden="true" class="wp-block-spacer"></div>
</div></section>



<div style="height:30px" aria-hidden="true" class="wp-block-spacer"></div>
