{"id":1311,"date":"2021-09-20T14:59:25","date_gmt":"2021-09-20T17:59:25","guid":{"rendered":"http:\/\/sinicesp.org.br\/?page_id=1311"},"modified":"2025-04-04T11:04:47","modified_gmt":"2025-04-04T14:04:47","slug":"publicacoes","status":"publish","type":"page","link":"https:\/\/sinicesp.org.br\/index.php\/publicacoes\/","title":{"rendered":"Publica\u00e7\u00f5es"},"content":{"rendered":"\n<section class=\"wp-block-uagb-section uagb-section__wrap uagb-section__background-none uagb-block-e94b2be3\"><div class=\"uagb-section__overlay\"><\/div><div class=\"uagb-section__inner-wrap\">\n<div id=\"section-g2d4ad1\" class=\"wp-block-gutentor-e1 section-g2d4ad1 gutentor-element gutentor-element-advanced-text text-align-center-desktop\"><div class=\"gutentor-text-wrap\"><h2 class=\"gutentor-text\"><strong>Publica\u00e7\u00f5es<\/strong><\/h2><\/div><\/div>\n\n\n\n<div style=\"height:30px\" aria-hidden=\"true\" class=\"wp-block-spacer\"><\/div>\n\n\n\n<div class=\"wp-block-uagb-restaurant-menu uagb-block-c23ce744 uagb-rm__desk-column-1 uagb-rm__tablet-column-2 uagb-rm__mobile-column-1\">\n<div class=\"wp-block-uagb-restaurant-menu-child uagb-rest_menu__wrap\"><div class=\"uagb-rm__content\"><div class=\"uagb-rm-details\"><h4 class=\"uagb-rm__title\"><strong><a href=\"https:\/\/1drv.ms\/b\/s!Anrx61SkcIJEpW6-RQpZy6Aix3yF\" target=\"_blank\" rel=\"noreferrer noopener\">Guia Pr\u00e1tico Para Gestores: Defici\u00eancia Psicossocial<\/a><\/strong><\/h4><div class=\"uagb-rm__desc\"><strong>Fonte:\u00a0<\/strong>Programa Inserir \u2013 Proesq (Escola Paulista de Medicina) Unifesp<\/div><\/div><span class=\"uagb-rm__price\"><\/span><\/div><div class=\"uagb-rm__separator\"><\/div><\/div>\n\n\n\n<div class=\"wp-block-uagb-restaurant-menu-child uagb-rest_menu__wrap\"><div class=\"uagb-rm__content\"><div class=\"uagb-rm-details\"><h4 class=\"uagb-rm__title\"><a href=\"https:\/\/sinicesp.org.br\/inclusao\/publica%C3%A7%C3%B5es\/orientacoes%20_pcd_2018.pdf\" target=\"_blank\" rel=\"noreferrer noopener\"><strong>Orienta\u00e7\u00f5es para fins de cumprimento do art. 93 da Lei n\u00ba 8.213\/91<\/strong><\/a><\/h4><div class=\"uagb-rm__desc\"><strong>Fonte<\/strong>: Minist\u00e9rio do Trabalho<\/div><\/div><span class=\"uagb-rm__price\"><\/span><\/div><div class=\"uagb-rm__separator\"><\/div><\/div>\n\n\n\n<div class=\"wp-block-uagb-restaurant-menu-child uagb-rest_menu__wrap\"><div class=\"uagb-rm__content\"><div class=\"uagb-rm-details\"><h4 class=\"uagb-rm__title\"><a href=\"https:\/\/sinicesp.org.br\/inclusao\/livro\" target=\"_blank\" rel=\"noreferrer noopener\"><strong>A Inclus\u00e3o de Trabalhadores com Defici\u00eancia na Constru\u00e7\u00e3o Pesada<\/strong><\/a><\/h4><div class=\"uagb-rm__desc\"><strong>Fonte<\/strong>: SINICESP \u2013 Sindicato da Ind\u00fastria da Constru\u00e7\u00e3o Pesada do Estado de S\u00e3o Paulo<\/div><\/div><span class=\"uagb-rm__price\"><\/span><\/div><div class=\"uagb-rm__separator\"><\/div><\/div>\n\n\n\n<div class=\"wp-block-uagb-restaurant-menu-child uagb-rest_menu__wrap\"><div class=\"uagb-rm__content\"><div class=\"uagb-rm-details\"><h4 class=\"uagb-rm__title\"><a href=\"https:\/\/sinicesp.org.br\/inclusao\/livro\" target=\"_blank\" rel=\"noreferrer noopener\"><strong><a href=\"http:\/\/www.sinicesp.org.br\/inclusao\/publica%C3%A7%C3%B5es\/livro_2018.pdf\" target=\"_blank\" rel=\"noreferrer noopener\"><strong>A Inclus\u00e3o de Trabalhadores com Defici\u00eancia na Constru\u00e7\u00e3o Pesada (vers\u00e3o PDF acess\u00edvel)<\/strong><\/a><\/strong><\/a><\/h4><div class=\"uagb-rm__desc\"><strong>Fonte<\/strong>: SINICESP \u2013 Sindicato da Ind\u00fastria da Constru\u00e7\u00e3o Pesada do Estado de S\u00e3o Paulo<\/div><\/div><span class=\"uagb-rm__price\"><\/span><\/div><div class=\"uagb-rm__separator\"><\/div><\/div>\n\n\n\n<div class=\"wp-block-uagb-restaurant-menu-child uagb-rest_menu__wrap\"><div class=\"uagb-rm__content\"><div class=\"uagb-rm-details\"><h4 class=\"uagb-rm__title\"><a href=\"https:\/\/sinicesp.org.br\/inclusao\/publica%C3%A7%C3%B5es\/Cartilha%20de%20bolso%20acessivel.php\" target=\"_blank\" rel=\"noreferrer noopener\"><strong>Todos juntos por um Brasil mais acess\u00edvel: Cartilha de Bolso Acessibilidade<\/strong><\/a><\/h4><div class=\"uagb-rm__desc\"><strong>Fonte<\/strong>: Conselho Nacional do Minist\u00e9rio P\u00fablico<\/div><\/div><span class=\"uagb-rm__price\"><\/span><\/div><div class=\"uagb-rm__separator\"><\/div><\/div>\n\n\n\n<div class=\"wp-block-uagb-restaurant-menu-child uagb-rest_menu__wrap\"><div class=\"uagb-rm__content\"><div class=\"uagb-rm-details\"><h4 class=\"uagb-rm__title\"><a href=\"http:\/\/www.sinicesp.org.br\/inclusao\/publica%C3%A7%C3%B5es\/defici%C3%AAncia%20e%20lei%20de%20cotas%20-%202015.pdf\" target=\"_blank\" rel=\"noreferrer noopener\"><strong>TRABALHO DE PESSOAS COM DEFICI\u00caNCIA E LEI DE COTAS: Invisibilidade, resist\u00eancia e qualidade da inclus\u00e3o<\/strong><\/a><\/h4><div class=\"uagb-rm__desc\"><strong>Fonte<\/strong>: Carlos Apar\u00edcio Clemente e Sumiko Oki Shimono<\/div><\/div><span class=\"uagb-rm__price\"><\/span><\/div><div class=\"uagb-rm__separator\"><\/div><\/div>\n\n\n\n<div class=\"wp-block-uagb-restaurant-menu-child uagb-rest_menu__wrap\"><div class=\"uagb-rm__content\"><div class=\"uagb-rm-details\"><h4 class=\"uagb-rm__title\"><a href=\"https:\/\/sinicesp.org.br\/inclusao\/publica\u00e7\u00f5es\/ESTUDO_COMPARADO.php\" target=\"_blank\" rel=\"noreferrer noopener\"><strong>Estudo comparado da Lei Brasileira de Inclus\u00e3o da Pessoa com Defici\u00eancia<\/strong><\/a><\/h4><div class=\"uagb-rm__desc\"><strong>Fonte<\/strong>: Maria Isabel da Silva<\/div><\/div><span class=\"uagb-rm__price\"><\/span><\/div><div class=\"uagb-rm__separator\"><\/div><\/div>\n\n\n\n<div class=\"wp-block-uagb-restaurant-menu-child uagb-rest_menu__wrap\"><div class=\"uagb-rm__content\"><div class=\"uagb-rm-details\"><h4 class=\"uagb-rm__title\"><a href=\"http:\/\/www.sinicesp.org.br\/inclusao\/publica%C3%A7%C3%B5es\/Construindo%20a%20Inclus%C3%A3o%20da%20Pessoa%20com%20Defici%C3%AAncia%20no%20Trabalho.php\" target=\"_blank\" rel=\"noreferrer noopener\"><strong>Construindo a Inclus\u00e3o da Pessoa com Defici\u00eancia no Trabalho<\/strong><\/a><\/h4><div class=\"uagb-rm__desc\">Jos\u00e9 Carlos do Carmo<\/div><\/div><span class=\"uagb-rm__price\"><\/span><\/div><div class=\"uagb-rm__separator\"><\/div><\/div>\n<\/div>\n<\/div><\/section>\n\n\n\n<div style=\"height:30px\" aria-hidden=\"true\" class=\"wp-block-spacer\"><\/div>\n","protected":false},"excerpt":{"rendered":"","protected":false},"author":1,"featured_media":0,"parent":0,"menu_order":0,"comment_status":"closed","ping_status":"closed","template":"","meta":{"om_disable_all_campaigns":false,"_uag_custom_page_level_css":"","_monsterinsights_skip_tracking":false,"_monsterinsights_sitenote_active":false,"_monsterinsights_sitenote_note":"","_monsterinsights_sitenote_category":0,"site-sidebar-layout":"default","site-content-layout":"plain-container","ast-site-content-layout":"normal-width-container","site-content-style":"unboxed","site-sidebar-style":"unboxed","ast-global-header-display":"","ast-banner-title-visibility":"","ast-main-header-display":"","ast-hfb-above-header-display":"","ast-hfb-below-header-display":"","ast-hfb-mobile-header-display":"","site-post-title":"disabled","ast-breadcrumbs-content":"","ast-featured-img":"","footer-sml-layout":"","ast-disable-related-posts":"","theme-transparent-header-meta":"default","adv-header-id-meta":"","stick-header-meta":"","header-above-stick-meta":"","header-main-stick-meta":"","header-below-stick-meta":"","astra-migrate-meta-layouts":"set","ast-page-background-enabled":"default","ast-page-background-meta":{"desktop":{"background-color":"","background-image":"","background-repeat":"repeat","background-position":"center center","background-size":"auto","background-attachment":"scroll","background-type":"","background-media":"","overlay-type":"","overlay-color":"","overlay-opacity":"","overlay-gradient":""},"tablet":{"background-color":"","background-image":"","background-repeat":"repeat","background-position":"center center","background-size":"auto","background-attachment":"scroll","background-type":"","background-media":"","overlay-type":"","overlay-color":"","overlay-opacity":"","overlay-gradient":""},"mobile":{"background-color":"","background-image":"","background-repeat":"repeat","background-position":"center center","background-size":"auto","background-attachment":"scroll","background-type":"","background-media":"","overlay-type":"","overlay-color":"","overlay-opacity":"","overlay-gradient":""}},"ast-content-background-meta":{"desktop":{"background-color":"var(--ast-global-color-5)","background-image":"","background-repeat":"repeat","background-position":"center center","background-size":"auto","background-attachment":"scroll","background-type":"","background-media":"","overlay-type":"","overlay-color":"","overlay-opacity":"","overlay-gradient":""},"tablet":{"background-color":"var(--ast-global-color-5)","background-image":"","background-repeat":"repeat","background-position":"center center","background-size":"auto","background-attachment":"scroll","background-type":"","background-media":"","overlay-type":"","overlay-color":"","overlay-opacity":"","overlay-gradient":""},"mobile":{"background-color":"var(--ast-global-color-5)","background-image":"","background-repeat":"repeat","background-position":"center center","background-size":"auto","background-attachment":"scroll","background-type":"","background-media":"","overlay-type":"","overlay-color":"","overlay-opacity":"","overlay-gradient":""}},"footnotes":""},"class_list":["post-1311","page","type-page","status-publish","hentry"],"aioseo_notices":[],"uagb_featured_image_src":{"full":false,"thumbnail":false,"medium":false,"medium_large":false,"large":false,"1536x1536":false,"2048x2048":false},"uagb_author_info":{"display_name":"Rodrigo","author_link":"https:\/\/sinicesp.org.br\/index.php\/author\/sinicesp\/"},"uagb_comment_info":0,"uagb_excerpt":null,"_links":{"self":[{"href":"https:\/\/sinicesp.org.br\/index.php\/wp-json\/wp\/v2\/pages\/1311","targetHints":{"allow":["GET"]}}],"collection":[{"href":"https:\/\/sinicesp.org.br\/index.php\/wp-json\/wp\/v2\/pages"}],"about":[{"href":"https:\/\/sinicesp.org.br\/index.php\/wp-json\/wp\/v2\/types\/page"}],"author":[{"embeddable":true,"href":"https:\/\/sinicesp.org.br\/index.php\/wp-json\/wp\/v2\/users\/1"}],"replies":[{"embeddable":true,"href":"https:\/\/sinicesp.org.br\/index.php\/wp-json\/wp\/v2\/comments?post=1311"}],"version-history":[{"count":0,"href":"https:\/\/sinicesp.org.br\/index.php\/wp-json\/wp\/v2\/pages\/1311\/revisions"}],"wp:attachment":[{"href":"https:\/\/sinicesp.org.br\/index.php\/wp-json\/wp\/v2\/media?parent=1311"}],"curies":[{"name":"wp","href":"https:\/\/api.w.org\/{rel}","templated":true}]}}

Publicações

<section class="wp-block-uagb-section uagb-section__wrap uagb-section__background-none uagb-block-e94b2be3"><div class="uagb-section__overlay"></div><div class="uagb-section__inner-wrap">
<div id="section-g2d4ad1" class="wp-block-gutentor-e1 section-g2d4ad1 gutentor-element gutentor-element-advanced-text text-align-center-desktop"><div class="gutentor-text-wrap"><h2 class="gutentor-text"><strong>Publicações</strong></h2></div></div>



<div style="height:30px" aria-hidden="true" class="wp-block-spacer"></div>



<div class="wp-block-uagb-restaurant-menu uagb-block-c23ce744 uagb-rm__desk-column-1 uagb-rm__tablet-column-2 uagb-rm__mobile-column-1">
<div class="wp-block-uagb-restaurant-menu-child uagb-rest_menu__wrap"><div class="uagb-rm__content"><div class="uagb-rm-details"><h4 class="uagb-rm__title"><strong><a href="https://1drv.ms/b/s!Anrx61SkcIJEpW6-RQpZy6Aix3yF" target="_blank" rel="noreferrer noopener">Guia Prático Para Gestores: Deficiência Psicossocial</a></strong></h4><div class="uagb-rm__desc"><strong>Fonte: </strong>Programa Inserir – Proesq (Escola Paulista de Medicina) Unifesp</div></div><span class="uagb-rm__price"></span></div><div class="uagb-rm__separator"></div></div>



<div class="wp-block-uagb-restaurant-menu-child uagb-rest_menu__wrap"><div class="uagb-rm__content"><div class="uagb-rm-details"><h4 class="uagb-rm__title"><a href="https://sinicesp.org.br/inclusao/publica%C3%A7%C3%B5es/orientacoes%20_pcd_2018.pdf" target="_blank" rel="noreferrer noopener"><strong>Orientações para fins de cumprimento do art. 93 da Lei nº 8.213/91</strong></a></h4><div class="uagb-rm__desc"><strong>Fonte</strong>: Ministério do Trabalho</div></div><span class="uagb-rm__price"></span></div><div class="uagb-rm__separator"></div></div>



<div class="wp-block-uagb-restaurant-menu-child uagb-rest_menu__wrap"><div class="uagb-rm__content"><div class="uagb-rm-details"><h4 class="uagb-rm__title"><a href="https://sinicesp.org.br/inclusao/livro" target="_blank" rel="noreferrer noopener"><strong>A Inclusão de Trabalhadores com Deficiência na Construção Pesada</strong></a></h4><div class="uagb-rm__desc"><strong>Fonte</strong>: SINICESP – Sindicato da Indústria da Construção Pesada do Estado de São Paulo</div></div><span class="uagb-rm__price"></span></div><div class="uagb-rm__separator"></div></div>



<div class="wp-block-uagb-restaurant-menu-child uagb-rest_menu__wrap"><div class="uagb-rm__content"><div class="uagb-rm-details"><h4 class="uagb-rm__title"><a href="https://sinicesp.org.br/inclusao/livro" target="_blank" rel="noreferrer noopener"><strong><a href="http://www.sinicesp.org.br/inclusao/publica%C3%A7%C3%B5es/livro_2018.pdf" target="_blank" rel="noreferrer noopener"><strong>A Inclusão de Trabalhadores com Deficiência na Construção Pesada (versão PDF acessível)</strong></a></strong></a></h4><div class="uagb-rm__desc"><strong>Fonte</strong>: SINICESP – Sindicato da Indústria da Construção Pesada do Estado de São Paulo</div></div><span class="uagb-rm__price"></span></div><div class="uagb-rm__separator"></div></div>



<div class="wp-block-uagb-restaurant-menu-child uagb-rest_menu__wrap"><div class="uagb-rm__content"><div class="uagb-rm-details"><h4 class="uagb-rm__title"><a href="https://sinicesp.org.br/inclusao/publica%C3%A7%C3%B5es/Cartilha%20de%20bolso%20acessivel.php" target="_blank" rel="noreferrer noopener"><strong>Todos juntos por um Brasil mais acessível: Cartilha de Bolso Acessibilidade</strong></a></h4><div class="uagb-rm__desc"><strong>Fonte</strong>: Conselho Nacional do Ministério Público</div></div><span class="uagb-rm__price"></span></div><div class="uagb-rm__separator"></div></div>



<div class="wp-block-uagb-restaurant-menu-child uagb-rest_menu__wrap"><div class="uagb-rm__content"><div class="uagb-rm-details"><h4 class="uagb-rm__title"><a href="http://www.sinicesp.org.br/inclusao/publica%C3%A7%C3%B5es/defici%C3%AAncia%20e%20lei%20de%20cotas%20-%202015.pdf" target="_blank" rel="noreferrer noopener"><strong>TRABALHO DE PESSOAS COM DEFICIÊNCIA E LEI DE COTAS: Invisibilidade, resistência e qualidade da inclusão</strong></a></h4><div class="uagb-rm__desc"><strong>Fonte</strong>: Carlos Aparício Clemente e Sumiko Oki Shimono</div></div><span class="uagb-rm__price"></span></div><div class="uagb-rm__separator"></div></div>



<div class="wp-block-uagb-restaurant-menu-child uagb-rest_menu__wrap"><div class="uagb-rm__content"><div class="uagb-rm-details"><h4 class="uagb-rm__title"><a href="https://sinicesp.org.br/inclusao/publicações/ESTUDO_COMPARADO.php" target="_blank" rel="noreferrer noopener"><strong>Estudo comparado da Lei Brasileira de Inclusão da Pessoa com Deficiência</strong></a></h4><div class="uagb-rm__desc"><strong>Fonte</strong>: Maria Isabel da Silva</div></div><span class="uagb-rm__price"></span></div><div class="uagb-rm__separator"></div></div>



<div class="wp-block-uagb-restaurant-menu-child uagb-rest_menu__wrap"><div class="uagb-rm__content"><div class="uagb-rm-details"><h4 class="uagb-rm__title"><a href="http://www.sinicesp.org.br/inclusao/publica%C3%A7%C3%B5es/Construindo%20a%20Inclus%C3%A3o%20da%20Pessoa%20com%20Defici%C3%AAncia%20no%20Trabalho.php" target="_blank" rel="noreferrer noopener"><strong>Construindo a Inclusão da Pessoa com Deficiência no Trabalho</strong></a></h4><div class="uagb-rm__desc">José Carlos do Carmo</div></div><span class="uagb-rm__price"></span></div><div class="uagb-rm__separator"></div></div>
</div>
</div></section>



<div style="height:30px" aria-hidden="true" class="wp-block-spacer"></div>
